Give i(6).
-1
Let l(p) = p**2 + 12*p + 19. What is l(-8)?
-13
Let c(z) = -15*z**2 - 8*z - 6. Give c(-2).
-50
Let o(x) = -x**2 - 32*x + 147. Determine o(-36).
3
Let u(j) = -2*j - 13. Give u(22).
-57
Let b(i) = -i**3 + 5*i**2 - 2*i + 6. Give b(5).
-4
Let v(l) = -180*l - 1254. Give v(-7).
6
Let r(o) = -2*o**2 + 90*o + 14. Determine r(45).
14
Let d(m) = -m**3 - 11*m**2 + 10*m + 118. Calculate d(-11).
8
Let f(k) = k**2 + 1. Calculate f(-5).
26
Let o(d) = d**2 - 3*d - 28. Determine o(-4).
0
Let v(d) = 8*d - 4. What is v(2)?
12
Let a(l) = -l**2 - 7*l - 13. Calculate a(-6).
-7
Let w(u) = 2*u**2 + 15*u + 36. Give w(-11).
113
Let i(z) = -18*z - 140. Determine i(-11).
58
Let t(b) = b + 13. Give t(-19).
-6
Let v(m) = -3*m + 29. Give v(13).
-10
Let r(d) = -d**3 - d**2 - d - 59. Determine r(0).
-59
Let m(j) = -j**3 - 6*j**2 - 5*j - 12. What is m(-6)?
18
Let a(u) = u**2 + 13*u + 12. Calculate a(-9).
-24
Let a(j) = -2*j**3 - 24*j**2 + 4*j + 42. Calculate a(-12).
-6
Let w(g) = g**2 - 28*g - 97. What is w(32)?
31
Let h(u) = 24*u - 2. What is h(4)?
94
Let w(a) = a**2 + a - 6. Calculate w(0).
-6
Let r(p) = 10*p + 297. Determine r(-31).
-13
Let n(s) = 2*s**2 - 38*s + 17. Calculate n(19).
17
Let a(r) = 2*r**2 + 14*r - 28. Give a(-9).
8
Let l(n) = n**3 - 8*n**2 + 7*n - 9. Calculate l(7).
-9
Let a(o) = 80*o + 399. What is a(-5)?
-1
Let l(z) = z**3 - 8*z**2 + z + 14. What is l(7)?
-28
Let m(c) = 5*c - 22. Determine m(3).
-7
Let i(n) = n**3 - 8*n**2 - 7*n - 7. Give i(9).
11
Let j(m) = -m**2 - 18*m + 16. What is j(-19)?
-3
Let x(u) = -2*u - 20. What is x(-11)?
2
Let a(u) = 74*u - 815. Determine a(11).
-1
Let s(j) = j**2 + 14*j - 8. Calculate s(-15).
7
Let y(i) = i**2 - 3*i - 7. Give y(4).
-3
Let i(l) = 16*l + 22. Calculate i(-1).
6
Let z(x) = 28*x - 6. What is z(-4)?
-118
Let h(r) = -r**2 + 3*r + 6. Determine h(7).
-22
Let o(p) = 13*p - 12. Give o(1).
1
Let p(b) = -5*b - 18. What is p(-16)?
62
Let z(f) = 2*f**3 - f**2 - f - 1. Determine z(-1).
-3
Let x(z) = z**3 - 12*z**2 + 4*z + 74. What is x(11)?
-3
Let y(k) = k**2 - 9. Give y(0).
-9
Let l(o) = o**3 + 5*o**2 - 12*o + 17. What is l(-7)?
3
Let z(x) = -x**3 - 5*x**2 + 10*x + 2. Determine z(-7).
30
Let l(c) = -c**2 + 11*c - 6. Determine l(8).
18
Let l(v) = -5*v - 144. Calculate l(-27).
-9
Let m(y) = -y**2 + 4*y + 5. Give m(3).
8
Let x(n) = n**3 + 4*n**2 + n + 8. Give x(-4).
4
Let j(q) = -q**3 + 33*q**2 + 2*q - 71. Calculate j(33).
-5
Let h(u) = -u**3 + 10*u**2 - 25*u + 17. Calculate h(3).
5
Let q(m) = -4*m - 30. Determine q(-15).
30
Let y(i) = 2*i**2 + 29*i + 21. Calculate y(-13).
-18
Let b(q) = -q**3 - 16*q**2 - 17*q - 1. What is b(-15)?
29
Let s(f) = -f**3 - 8*f**2 - 17*f - 7. Determine s(-5).
3
Let u(l) = 4*l**2 - 18*l + 4. Determine u(4).
-4
Let z(i) = i**2 + 2*i - 5. Calculate z(4).
19
Let r(x) = 4*x - 70. Calculate r(19).
6
Let t(r) = -r**2 + 3*r + 24. Calculate t(0).
24
Let p(k) = -k**3 + 7*k**2 - 4*k - 6. What is p(7)?
-34
Let b(t) = t**2 + 11*t + 13. Give b(-8).
-11
Let t(f) = -f**3 - 11*f**2 - 2*f - 12. Calculate t(-11).
10
Let k(l) = 9*l - 1. Calculate k(-2).
-19
Let n(v) = 3*v - 23. Determine n(9).
4
Let b(m) = -2*m**2 - 40*m + 47. Determine b(-21).
5
Let j(z) = -z**3 - 5*z**2 - z + 5. Calculate j(-4).
-7
Let s(w) = -w**3 + 26*w**2 + w - 26. What is s(26)?
0
Let q(u) = u**2 - 28*u + 49. Give q(26).
-3
Let l(t) = -t**3 - 18*t**2 - 12*t + 41. What is l(-17)?
-44
Let v(h) = -9*h. Determine v(1).
-9
Let w(s) = s**2 + 7*s. Calculate w(-3).
-12
Let g(z) = -3*z**2 - 9*z - 4. Calculate g(-4).
-16
Let a(b) = 7*b - 9. Give a(4).
19
Let a(y) = 2*y**2 - 2*y. Determine a(3).
12
Let a(p) = p**3 + 10*p**2 - 3*p + 7. Calculate a(-10).
37
Let o(u) = -2*u**2 + 2*u - 1. Calculate o(1).
-1
Let k(y) = y**3 - 9*y**2 + 7*y - 6. Calculate k(8).
-14
Let b(w) = -47*w - 6. Calculate b(2).
-100
Let s(t) = 8*t - 12. Give s(3).
12
Let a(d) = 4*d - 13. Give a(6).
11
Let j(s) = -15*s - 3. Calculate j(-1).
12
Let o(i) = i**3 + 8*i**2 + 10*i + 6. What is o(-5)?
31
Let l(z) = 8*z - 14. Give l(4).
18
Let o(n) = -27*n**2 + 8*n + 9. Calculate o(-1).
-26
Let q(k) = -k**3 - 14*k**2 - 4*k + 120. Determine q(-13).
3
Let c(n) = -n**3 + 13*n**2 - 14*n + 6. Give c(12).
-18
Let m(y) = -10*y + 2. What is m(8)?
-78
Let p(v) = 33*v - 1. Calculate p(-1).
-34
Let h(u) = u**2 + 4*u - 5. Determine h(-5).
0
Let t(p) = 5*p**3 - p**2. What is t(-1)?
-6
Let y(i) = -i**2 + 8*i - 3. What is y(7)?
4
Let u(r) = r**3 - 4*r**2 - 3*r + 7. Determine u(5).
17
Let x(p) = -p**2 - 23. Calculate x(-6).
-59
Let d(p) = 9*p - 5. What is d(1)?
4
Let b(u) = 6*u - 3. Give b(1).
3
Let b(o) = 4*o + 62. Determine b(-7).
34
Let s(a) = 4*a + 21. What is s(-6)?
-3
Let w(n) = -4*n**2 + 21. Determine w(4).
-43
Let v(l) = -l**3 + 9*l**2 - 6. Determine v(9).
-6
Let j(h) = -h**2 - 2*h + 10. What is j(-3)?
7
Let z(i) = -3*i - 3. Calculate z(5).
-18
Let r(f) = -2*f**2 + 8*f - 27. Determine r(5).
-37
Let z(s) = -s**2 - 7. Calculate z(0).
-7
Let b(d) = -34*d - 1. Determine b(1).
-35
Let m(v) = 2*v**3 + 3*v + 2. Determine m(-2).
-20
Let b(n) = -160*n - 2879. Determine b(-18).
1
Let j(t) = t**3 - 10*t**2 - 14*t + 7. What is j(11)?
-26
Let i(g) = -g**2 - 10*g - 7. Determine i(-10).
-7
Let h(r) = -r**3 + 2*r**2 - 3*r - 27. What is h(0)?
-27
Let a(v) = -2*v**2 - 2*v + 30. Determine a(4).
-10
Let h(z) = -z**3 - 5*z**2 - 42*z - 159. Give h(-4).
-7
Let h(q) = -49*q**3 + 2*q**2 - 8*q - 9. Calculate h(-1).
50
Let c(d) = -d**3 - 5*d**2 - 4*d - 17. What is c(-5)?
3
Let i(f) = 10*f + 14. Give i(-2).
-6
Let i(d) = -d**2 + 6*d + 2. What is i(5)?
7
Let a(n) = -n**2 - 9*n + 6. Give a(-10).
-4
Let r(x) = -2*x**2 - 6*x - 4. Calculate r(-4).
-12
Let s(h) = -2*h**2 - 8*h - 5. Give s(-7).
-47
Let z(x) = x + 4. What is z(-7)?
-3
Let h(l) = -l**2 + 3*l + 7. What is h(4)?
3
Let y(b) = 22*b**2 - 46*b + 1. What is y(2)?
-3
Let y(r) = -r**3 + 21*r**2 + 27*r - 22. Determine y(22).
88
Let f(p) = 8*p - 26. What is f(-5)?
-66
Let s(f) = -f**3 - 4*f**2 - 8*f - 4. Determine s(-2).
4
Let j(r) = -r**3 + 12*r**2 - 11*r - 14. What is j(11)?
-14
Let b(o) = -o**2 + 2*o + 54. Give b(0).
54
Let y(d) = d**3 + 9*d**2 + 8*d + 1. Calculate y(-8).
1
Let r(v) = -v**2 - 10*v - 6. What is r(-10)?
-6
Let g(j) = -31*j**3 - j**2 + 2*j - 1. Give g(1).
-31
Let t(j) = j**3 - 4*j**2 - 7*j + 10. Give t(6).
40
Let a(c) = -c**3 - c**2 + c + 7. What is a(-4)?
51
Let q(g) = -13*g - 121. Determine q(-10).
9
Let g(y) = -65*y**2 - 2*y - 4. Give g(-1).
-67
Let b(a) = -2*a**3 - 10*a**2 - 18*a - 19. What is b(-3)?
-1
Let k(o) = 9*o**2. Determine k(-2).
36
Let n(g) = 12*g**2 + 9. Give n(-3).
117
Let q(h) = 22*h - 118. Give q(6).
14
Let f(v) = -5*v - 47. Determine f(-10).
3
Let c(x) = -2*x - 1. Give c(-1).
1
Let r(j) = j**3 + j + 3. What is r(-2)?
-7
Let q(z) = -z - 30. Determine q(-16).
-14
Let g(z) = 21*z**2 - 2*z. Calculate g(1).
19
Let d(c) = c**3 - 8*c**2 + 4*c - 1. Calculate d(6).
-49
Let a(v) = -2*v**2 + 1. Determine a(2).
-7
Let q(m) = m**3 - 5*m**2 - 7*m + 3. Calculate q(6).
-3
Let v(r) = -r**3 - 15*r**2 + 17*r + 16. What is v(-16)?
0
Let i(u) = -3*u + 11. Calculate i(10).
-19
Let c(v) = -v**2 - 2*v + 70. Give c(-10).
-10
Let f(p) = -p - 1. Calculate f(-8).
7
Let s(c) = -c**3 + 42*c**2 + 42*c + 39. Determine s(43).
-4
Let z(m) = -m**3 - 15*m**2 - 14*m - 5. What is z(-14)?
-5
Let y(z) = -z - 2. What is y(7)?
-9
Let q(v) = -v**2 - 4. Give q(0).
-4
Let m(d) = -d**2 - 21*d - 89. Determine m(-14).
9
Let u(q) = 27*q - 1. Give u(-1).
-28
Let x(s) = -12*s - 78. Determine x(-12).
66
Let x(y) = 4*y - 8. Calculate x(-6).
-32
Let z(c) = -4*c - 52. Give z(-15).
8
Let d(l) = l**3 - 5*l**2 - 17*l + 12. What is d(7)?
-9
Let t(k) = -k**3 + 2*k**2 - 4. What is t(4)?
-36
Let t(g) = -g**3 + 4*g**2 - 25*g + 62. What is t(3)?
-4
Let w(l) = 3*l - 33. Calculate w(14).
9
Let u(a) = a**2 + 16*a + 22. What is u(-17)?
39
Let x(p) = 6*p - 34. Give x(13).
44
Let p(z) = -2*z - 1. What is p(-8)?
15
Let c(h) = 2*h - 3. What is c(-15)?
-33
Let s(j) = -j**3 - j**2 + j - 3. What is s(0)?
-3
Let f(d) = -2*d**2 - 27*d - 70. Determine f(-3).
-7
Let h(y) = -2*y**3 + 20*y**2 + 7*y - 1. Give h(11).
-166
Let b(q) = q**3 - 32*q**2 + 30*q + 36. Calculate b(31).
5
Let f(o) = -36*o - 94. Determine f(-3).
14
Let q(o) = -o**3 + 22*o**2 - 2*o + 50. Give q(22).
6
Let j(n) = 136*n**2 + 2*n + 1. Give j(-1)